/((-10)/125). What is the greatest common factor of 2607 and w?
33
Suppose -18*t = -15*t + 5*y - 98, -2*y + 140 = 4*t. Let v(w) = -7*w - 1. Let l be v(-4). Calculate the greatest common divisor of l and t.
9
Let m be (16 + (-1406)/76)*7*-6. Calculate the greatest common factor of 495 and m.
15
Let i be 750/(-45)*(-2 + -187). Suppose 0 = -2*u - 19*u + i. What is the greatest common factor of u and 30?
30
Let k be ((-4260)/(-50))/(162/39960). Calculate the greatest common factor of k and 8.
8
Suppose 11*f - 30 = 16*f. Let i(x) = 5*x**2 + 19*x - 12. Let n be i(f). What is the highest common divisor of 24 and n?
6
Let u = -235 + 239. Suppose -52 = -u*j - 3*b, -14*j - 3*b = -12*j - 20. What is the greatest common factor of 56 and j?
8
Suppose 2*l - 4*b = l + 425, 3*l = b + 1275. Suppose -2*o = 3*r - 142, -224*r + 2*o + 208 = -220*r. What is the greatest common factor of l and r?
25
Let f = -179 + 209. Suppose -5*v + 60 = 2*k, 2*v + 5 = -k + f. What is the greatest common divisor of v and 5?
5
Let x be (-1)/1 + -6*(-2)/3. Suppose 12*n = 9*n - x. Let l(h) = 17*h**2. Let j be l(n). Calculate the highest common divisor of j and 85.
17
Suppose -2*m + 302 = -30*x + 32*x, m - 5*x = 121. Calculate the greatest common divisor of 3650 and m.
146
Let k = 258 + 578. Let j = k + -786. Let h be 102/5 + (-6)/15. What is the greatest common divisor of j and h?
10
Suppose 7*s + 5*r = 8*s - 24, 0 = -2*s - 3*r - 4. Suppose -3*h = -2*v - 2*h + 9, -4*v = -4*h - 28. What is the greatest common divisor of s and v?
2
Let c be ((-98)/6)/((-2)/6). Let p(v) be the first derivative of -2*v**2 + 31*v - 42. Let b be p(6). Calculate the greatest common factor of b and c.
7
Suppose 0 = -2*q - 11*q + 24*q - 17754. Calculate the greatest common factor of q and 18.
6
Let o be 5*((-4371224)/(-195))/(-22)*-6. Calculate the highest common factor of 8 and o.
8
Suppose 4*r - 232 = -2*f - 2*f, 0 = -3*r + 2*f + 179. Let h = 62 - r. Let b be ((-55)/(-20) - h)*-36. What is the highest common divisor of b and 12?
3
Let m(t) = -t + 1. Let u be m(-2). Suppose 5*f - 59 = -a - 2*a, 5*a - 155 = u*f. Suppose 14*d = 18*d - 28. What is the greatest common divisor of d and a?
7
Suppose 34*z - 5*z = 1595. Suppose -5*c - 11 + 61 = 0. Let w be (-4)/c + 54/10. What is the highest common factor of z and w?
5
Let a(l) = -183*l + 1892. Let z be a(10). Calculate the highest common factor of 1860 and z.
62
Suppose -3*l = -5*f + 7528, -24*f + 20*f = -4*l - 6016. Calculate the highest common divisor of f and 1160.
116
Let p(j) = -j + 8. Let m be p(6). Let d be (-1)/5 + 19*59/5. Let o = d - 208. Calculate the greatest common divisor of m and o.
2
Suppose 1510*b + 1870 = 1515*b. Calculate the greatest common factor of b and 816.
34
Let t be ((-1)/(-2))/((-14)/(-5040)*6). What is the highest common divisor of t and 1380?
30
Let y = 5349 - 69. What is the greatest common factor of y and 44?
44
Suppose 23 = -v - 5*i, -6*v - 5*i = -2*v + 17. Suppose v*d - 15*d = -130. Suppose d*x - 960 = 190. What is the greatest common divisor of x and 46?
23
Suppose 46*k - 2175 = 21*k. What is the highest common factor of k and 812?
29
Let k(z) = 3*z**2 + 51*z + 5. Suppose -5*i - 65 = -5*p, -3*p - 21 = i - 2*p. Let w be k(i). Calculate the greatest common factor of w and 60.
5
Let h(c) = c**3 - 25*c**2 + 3*c + 35. Let m be h(25). Suppose 0 = -w + 4, 2*u - m = 11*w - 6*w. What is the greatest common divisor of u and 13?
13
Let x(y) = -817*y - 10. Let g be x(-3). Suppose -14*p - g + 12451 = 0. What is the greatest common divisor of 65 and p?
65
Suppose -d = -0*d + 5*v + 25, -d - 2*v - 16 = 0. Let q be 4/(-5) - (-1)/(d/(-68)). Suppose -7*w + 36 = -q*w. What is the highest common divisor of 36 and w?
36
Suppose 0 = 8066*t - 8016*t - 35650. Calculate the greatest common factor of t and 621.
23
Suppose 215*q + 2536 = 178*q + 8604. Calculate the highest common factor of 1804 and q.
164
Let u be (1147/3 - 2)/(7/1260*6). What is the greatest common divisor of 10 and u?
10
Suppose 3*w + p = -12, -5*w - 23 = -4*p - 3. Let g(b) = -b**3 - 5*b**2 - 2*b + 10. Let v be g(w). What is the highest common factor of 2 and v?
2
Let c = 4536 - 4503. What is the greatest common divisor of c and 2673?
33
Suppose k - 16 = -2*g + 4*k, 2*g - 16 = 5*k. Suppose -225 = 16*x - 1505. Suppose 71*y - 66*y - x = 0. Calculate the highest common divisor of y and g.
8
Suppose -k = -4*g - 75, -g - 66 = -2*k + 84. Let m = 34 - k. Let f = m - -83. Calculate the highest common divisor of f and 105.
21
Let r be 2/(-5) - 72/20. Let f(j) = -j**2 + 42*j + 361. Let z be f(49). Let b be (r/20 + z/(-10))*-5. What is the greatest common divisor of 90 and b?
10
Let b(q) = -40*q + 2. Let m be b(-2). Let u be 4/(5*(6 + (-112)/20)). What is the highest common divisor of m and u?
2
Let m = 9 + -36. Let d = -274 - -163. Let p = m - d. Calculate the highest common divisor of p and 12.
12
Let s = -2721 + 2753. What is the greatest common divisor of s and 208?
16
Suppose 0 = 2*x - 4*v - 7348, 52*x = 47*x - 2*v + 18358. What is the greatest common divisor of 864 and x?
216
Let k be (24284/(-65) - (1 - 2))/(54/(-180)). What is the highest common factor of k and 558?
18
Let j(p) = -p**3 - 4*p**2 + 61*p - 4. Let a be j(6). Suppose a*c - 77 = -9*c. Calculate the greatest common divisor of 161 and c.
7
Let p(t) = 623*t - 19205. Let q be p(31). Let z = -8 - -18. Suppose -2*o + 15 = 3*d, -45 + z = -4*o - d. Calculate the highest common factor of o and q.
9
Suppose 0 = 22*t - 12*t - 80. Let o be (-91)/((4/t)/(-1)). Calculate the greatest common factor of 42 and o.
14
Suppose -4*c + 5*d = -1357, 5*c = -52*d + 50*d + 1721. What is the highest common divisor of c and 3136?
49
Suppose -72 = -37*s + 43*s. Let d be (-32)/s*4/(-8)*-57. What is the greatest common divisor of d and 608?
76
Suppose h - 46 = -9. Let x = h + -31. Suppose -x*y + 122 - 44 = 0. What is the greatest common divisor of 52 and y?
13
Suppose -3*i = i - 60. Let l = 1370 - 1335. What is the greatest common factor of i and l?
5
Let n = 1875 - 1872. Calculate the greatest common factor of 2487 and n.
3
Let i = -25 + 169. Let y = -20 + 20. Suppose y = -4*j + 4*o + 64, 0 = -j - j + o + 32. What is the highest common factor of i and j?
16
Let f = -11 + 13. Let s(x) = 7*x + 10 - 7*x**f + 4*x**3 - 8*x**3 + 3*x**3. Let k be s(-8). Calculate the greatest common divisor of k and 126.
18
Suppose 3*y - 23 = u + 17, 29 = 2*y - 3*u. Let x be y - (-6)/(-8)*20/(-5). What is the highest common divisor of 5 and x?
1
Let l be (-5)/2*(-10 + 8). Let a = -3 + l. Let o be (1344/36)/(a/6). What is the greatest common divisor of o and 14?
14
Suppose 2*l + 5*x = 11 - 32, 0 = x + 5. Suppose -y - l*q = 3*y - 190, 5*q = 3*y - 110. Calculate the highest common divisor of 5 and y.
5
Let v = 171 + -169. Suppose 4*b + 1356 = v*r + r, 1812 = 4*r - 4*b. What is the greatest common factor of 24 and r?
24
Suppose -252 = -3*a + 3*q, -4*a + 89*q = 92*q - 301. Calculate the greatest common factor of 4187 and a.
79
Suppose -14 + 4 = -5*m. Suppose -3*p + m = -4*p. Let j be ((-26)/3)/(p/3). Calculate the highest common factor of 13 and j.
13
Suppose 2*o = 3*x - 85, 15 = -2*x - 2*o + 55. Calculate the highest common factor of x and 350.
25
Let g = 4434 + -4370. Calculate the greatest common factor of 736 and g.
32
Let z be 1542/24 + (12/(-16))/3. Let b be 39 + -33 + 1*z. What is the greatest common factor of 105 and b?
35
Suppose -5 + 0 = 5*i, 0 = 2*u + 5*i + 11. Let c = 1 - u. Suppose 2*q + 76 - 12 = 2*g, -3*q - 68 = -2*g. Calculate the greatest common divisor of c and g.
4
Suppose 3*u - 10*u = -903. Suppose u = -6*p + 9*p. What is the greatest common factor of p and 387?
43
Let b = 188 + -179. Suppose -272 = -b*m - 83. Calculate the greatest common divisor of 105 and m.
21
Let w(s) be the second derivative of 3*s**5/20 + 5*s**4/12 - 2*s**3/3 + 4*s + 17. Let l be w(2). Calculate the highest common divisor of 288 and l.
36
Suppose -5*w + 8*z = 9*z + 89, -w + 5*z - 23 = 0. Let s(t) = 6*t**2 + 93*t + 2. Let j be s(w). What is the greatest common divisor of 17 and j?
17
Let i = 82 + -70. Suppose -180 = -i*d + 9*d. Suppose -5*q + 4*s = -1 - d, -5*s - 34 = -3*q. Calculate the highest common divisor of 65 and q.
13
Let q = -527 - -534. Suppose -2*i = -4*u + 52, 5*u + 2*i - 100 = -26